t z(p) be the first derivative of p**3/3 - 2*p**2 - 3*p + 2. Let d(r) = 5*r**2 - 21*r - 15. Let y(k) = -2*d(k) + 11*z(k). What is y(-2)?
5
Suppose 19 = 5*t + 2*h, 0 = 4*t - 2*h + 2 - 10. Let m(p) = p**2 - p + 1. Let j(c) = c**3 + 2*c**2 - 6*c + 3. Let z(y) = -j(y) + 4*m(y). What is z(t)?
-2
Let s be -6*(2/2 + 0). Let r be (4/6)/(2/s). Let k(w) = -w**2 - 4*w + 1. Give k(r).
5
Let r(h) = 2 - 2 - 1 + 0 + h**2 - h. Suppose t - 2*u + 12 = -t, u - 2 = -3*t. Let l = t - 1. Calculate r(l).
5
Suppose 3*t = -5*j - 7, 0 = t + t + 3*j + 3. Suppose 0 = 4*x + t - 2. Let b = x - 0. Let d(o) = -3*o - 1. Calculate d(b).
2
Let j be 4/(-3)*(-27)/18. Let c(q) be the third derivative of 2*q**j - 1/24*q**4 - 1/20*q**5 + 0 + 0*q + 0*q**3 - 1/120*q**6. Determine c(-2).
-2
Let q(c) = c**3 + 7*c**2 - 7*c + 5. Let j(w) = -w**2 + w. Let b(a) = 6*j(a) + q(a). Calculate b(0).
5
Let f(o) = -6*o - 2. Let g = -117 - -115. Calculate f(g).
10
Let u(r) = 3*r**3 + 5*r**2 - 15*r - 14. Let m = 3 - -4. Let h(k) = -k**3 - 2*k**2 + 5*k + 5. Let j(y) = m*h(y) + 2*u(y). Let v = -12 - -7. Give j(v).
7
Let c(s) = s**2 + 5*s + 5. Let f(t) = 3*t**2 + 15*t + 14. Let z(x) = 8*c(x) - 3*f(x). Calculate z(-6).
-8
Let q(h) = h + 4. Suppose 2*o + 4*p = 2, p = -5*o + 14 + 18. Determine q(o).
11
Let u(k) be the third derivative of -k**5/60 + k**4/8 - k**3/3 + k**2. Let a(f) = 2*f + 1. Let r = -5 - -6. Let n be a(r). Give u(n).
-2
Let g(d) = d**2 + 4*d - 2. Let i be g(-5). Let q(x) = -4*x + 2*x + 0 + 0*x - i. Calculate q(-2).
1
Let c(v) = -v + 7. Let q(a) = a**3 - 3*a + 3. Let b(g) = g - 7. Let i be (72/(-20))/(4/(-10)). Let w be b(i). Let d be q(w). Give c(d).
2
Suppose -5*q - 661 = 1889. Let t be 4/(-18) + q/135. Let n(a) = -a**2 - 6*a - 2. What is n(t)?
6
Let l(c) be the third derivative of 7*c**4/24 + 6*c**2. What is l(-1)?
-7
Let x(s) = -s**3 + 6*s**2 - 5*s + 6. Let f = 2 + 3. Calculate x(f).
6
Let x be 4/(-12)*(0 - 15). Suppose -s - 5*v = -x, -6*s - 5 = -s - 5*v. Let y(k) = 2*k - 2*k + 6 + 3*k - 2*k. Calculate y(s).
6
Let s(k) = -k + 1. Suppose -25 = 3*t - 10. Calculate s(t).
6
Let t = 19 - 15. Let g(y) = -y. What is g(t)?
-4
Let o(c) be the third derivative of c**2 + 0 + 1/3*c**3 + 0*c + 1/24*c**4 + 1/60*c**5. Determine o(-3).
8
Suppose -5*z - 5 = -5*y, -z + 0 - 3 = 0. Let v(k) = -10*k + 1. Determine v(y).
21
Let q(w) be the third derivative of -5*w**4/24 - w**3/6 - w**2. Let o be (3 - 0) + -8 + 13. Suppose 4*v + 3*m + o = 0, -4*v + 5*m = 18 - 42. Give q(v).
-6
Let g be (6/4)/(6/8). Suppose 0 = t + 2*i - 13 + 1, g*t = -2*i + 14. Let d(n) = t*n**3 + 3*n**3 - 3*n**3. Determine d(1).
2
Let b(p) be the first derivative of -p**5/120 + p**4/12 - p**3/3 + 1. Let r(u) be the third derivative of b(u). Let m be (104/(-60) + 10/25)*-3. What is r(m)?
-2
Let o(z) be the first derivative of -5*z + 1 + 0*z**2 - 1/4*z**4 + 5/3*z**3. What is o(5)?
-5
Let t(v) = -13*v**2 + 2*v - 7. Let c(a) = -6*a**2 + a - 3. Let i(b) = -7*c(b) + 3*t(b). What is i(-2)?
14
Let z(a) be the second derivative of a**4/12 - a**2/2 - 4*a. Determine z(-2).
3
Suppose -3*j = -3*t - 0*j - 9, 4*t - 2*j + 6 = 0. Let c(g) = -4*g + t*g + 7*g. Determine c(2).
6
Let b(f) = -f**3 - 6*f**2 - 3*f + 6. Let s(g) be the first derivative of -g**2/2 - 20*g - 8. Let z be s(-15). Calculate b(z).
-4
Suppose -1 = 4*z + 3. Let b be (-4)/4*(z + 5). Let a(r) = 2*r - 5 + 0*r + 0*r**2 + r**2 + 0*r**2. Calculate a(b).
3
Let b(c) = 11*c - 5*c - 18*c - 6*c**2 + 6. Let k(s) = 5*s**2 + 11*s - 6. Let a(y) = 4*b(y) + 5*k(y). Determine a(-6).
-12
Let p = -3 - -1. Let s(r) = -12*r - 3. Let j(c) = 8*c + 2. Let n(v) = -8*j(v) - 5*s(v). Give n(p).
7
Let l be (24/10 + -3 - -1)*15. Let p(t) = t**3 - 6*t**2 - 3*t + 7. Give p(l).
-11
Let n(x) = 9*x**2 - 3*x + 5. Let r(p) = 6*p**2 - 2*p + 3. Let o(w) = 2*w. Let z be o(-4). Let f(b) = z*r(b) + 5*n(b). Calculate f(-1).
-3
Let n(s) = s**3 + 4*s**2 + s + 1. Let a be 0/(-3) + 0 - 4. Determine n(a).
-3
Let w be (-3)/(-9) + 7/(-3). Let c be 0 + 2 + 156 + 11. Let y(b) = -c*b + b**3 + 169*b + 2. Calculate y(w).
-6
Suppose 2*y + 4 = -4*b, -1 = -5*b + y + 1. Let c(p) = p - 6. Give c(b).
-6
Let z be 5*(-1 + 1 + 1). Let w be (-3)/(-3) + z + -2. Let f = -1 + w. Let r(l) = l + 1. Determine r(f).
4
Suppose -k = 2*k - 24. Let l = k - 7. Let g(d) = 5*d. Determine g(l).
5
Let u(w) = -2*w**2 + w + 3. Suppose -5 = -5*b + 5*m - 7*m, 0 = 2*b + 4*m + 14. Determine u(b).
-12
Suppose -z - 3*z = -12. Let a = 5 - z. Let j(m) = a + 0 - 6 + m**2 + 3*m. Determine j(-5).
6
Let y = -11 + -17. Let v = -24 - y. Let l(r) = r**3 - 4*r**2 - 2*r. Determine l(v).
-8
Suppose -4*n + 2*n + 8 = 0. Let b(h) = -n*h + 3 + 2 - 5. Calculate b(1).
-4
Let r be 2/(-5)*(-75)/(-5). Let w be 11/(-33) - (-28)/r. Let h(j) = 2*j + 4. Give h(w).
-6
Let w(t) be the third derivative of -t**6/120 - t**5/12 - t**4/6 - t**3 + 6*t**2. Determine w(-4).
-6
Let b(c) = -5*c - 2. Let o(i) = -6*i - 1. Let r(n) = -3*b(n) + 2*o(n). Determine r(-3).
-5
Let s(w) = -10*w**3 + w. Let x = -23 - -24. Give s(x).
-9
Suppose 5*n - 3 = 2. Let f(m) = 6*m - 2 + n + 2*m**2 - 1. Let x(s) = -2*s**2 - 6*s + 1. Let t(k) = -3*f(k) - 4*x(k). Calculate t(-4).
10
Let f(d) = 37*d**2 - 42*d**2 - 24*d**3 + 23*d**3 + 9*d + 7. Determine f(-6).
-11
Let j(p) = -p**2 + 2*p. Let v(q) = q**2 + 5*q + 2. Let f be v(-6). Let r(a) = -1 + 6 + 7*a + 1 - a**2. Let l be r(f). What is j(l)?
-8
Let r(w) = -w**3 + 2*w + 1. Let q = -76 - -78. Determine r(q).
-3
Let k(i) = -2*i - 2*i**2 + 0*i**2 + 3*i**2. Let p = 7 - 5. Suppose p*r = 2*f + f + 4, -f = -r + 3. What is k(f)?
0
Let n(a) = -5*a**3 - a**2 + 2*a + 3. Let r(u) = -4*u**3 + u + 3. Let p(y) = -3*n(y) + 4*r(y). Calculate p(2).
3
Let x = 5 - 10. Let c(i) be the first derivative of 7*i**2/2 + 3*i + 3. Let o(m) = m - 1. Let r(s) = -c(s) + 4*o(s). Calculate r(x).
8
Let l be 239/(-120) - (-3 - (-2)/2). Let w(m) be the third derivative of l*m**6 + 0 + 3*m**2 + 1/60*m**5 - 4/3*m**3 + 0*m + 0*m**4. Give w(0).
-8
Let h(y) be the first derivative of y**2 - 2*y - 6. Give h(3).
4
Let t(z) be the first derivative of z**4/4 - z**3/3 - z**2 - 1. Let y be t(3). Suppose -m = -4*m - y. Let v(i) = -i**3 - 5*i**2 - 4*i - 5. Calculate v(m).
-5
Suppose 2*r + 3*r = 15. Let i(n) be the third derivative of 1/4*n**4 - 3*n**2 + 0 + n**r + 1/60*n**5 + 0*n. Calculate i(-4).
-2
Let i(s) = -s**3 + 5*s**2 + 4. Suppose 5*o + 8 = 33. Give i(o).
4
Let k(d) be the third derivative of 0 + 1/24*d**4 + 0*d - 5/6*d**3 - 7*d**2. What is k(7)?
2
Let i(w) = -17*w + 3. Let c(v) = 6*v - 1. Let b(y) = -11*c(y) - 4*i(y). Suppose 2*l + 14 = -5*z, 3*z + z = -2*l - 12. What is b(l)?
-5
Let r(j) = 17*j - 10*j - 4*j + 0 + 5. Calculate r(-4).
-7
Let b(s) be the first derivative of -s**3/3 - 3*s**2 - 7*s - 8. Give b(-5).
-2
Let l(u) = -u + 3. Let r = -52 - -57. What is l(r)?
-2
Let g be ((-1)/2)/((-2)/4). Let d(x) = 2. Let h(y) = -y**2 + 2. Let a(l) = -4*d(l) + 5*h(l). Let p(f) = -5*f**2 + 3. Let o(i) = 3*a(i) - 2*p(i). Determine o(g).
-5
Let z(r) = 38 - r - 14 - 20. Give z(-7).
11
Let y(d) = d + 5. Suppose 0 = 22*t - 25*t. Calculate y(t).
5
Let o(b) be the second derivative of b + 0*b**2 + 0 + 4/3*b**3. Let p(g) = -g - 1. Let c be p(0). Determine o(c).
-8
Let r(g) = 0*g**2 + 7138*g + 6 + g**2 - 7145*g. Give r(7).
6
Let i(j) = -j**2 + j + 4*j**2 - 2*j**2 - 7*j + 1. Determine i(5).
-4
Let x(i) = 11*i**2 + 5*i - 36. Let t(n) = 23*n**2 + 11*n - 78. Let k(a) = -6*t(a) + 13*x(a). Suppose -3*u - 4 = u. Determine k(u).
6
Let o be 0/(1 + (3 - 7)). Let n(f) = -f**2 + 5 - 3*f**3 + 2*f**3 - 3. Calculate n(o).
2
Let o(j) be the third derivative of j**5/30 - j**3 + 6*j**2. Let g(c) be the first derivative of o(c). Calculate g(1).
4
Suppose -3*u + 20 = 8. Let d(o) be the first derivative of o**4/4 - 4*o**3/3 + 2*o + 2. Give d(u).
2
Let w(j) = j**2 + 4*j + 6. Suppose -4*y + 4*u - 16 = 0, 4*u - 17 = 5*y + 3. What is w(y)?
6
Let i = 46 + -51. Let w(f) = 2 + 4*f + 4*f**2 - f**2 - 2*f**2. Determine w(i).
7
Suppose 0 = -4*c - 3*b + 13, -c + 2*b + 6 = -0*b. Let v(k) = 5 - c + k + 6. Let w(q) = 4*q**3 + q. Let u be w(-1). Give v(u).
2
Suppose 20 = 5*k + 5*n, -3*k = n + 3*n - 15. Let d(j) = -j - 1 + k. Let b(t) = t**2 + t + 1. Let v be b(-2). Determine d(v).
-3
Let u(k) = -3*k**2 + 8*k - 5. Let m(s) = 10*s**2 - 23*s + 15. Let n(b) = -2*m(b) - 7*u(b). Determ